 = 53 + l. Calculate the remainder when m is divided by 3.
2
Let n be 3 - (1 + (-1 - -18)). Let w = 28 + n. Let s(a) = 3*a + 34. Calculate the remainder when w is divided by s(-10).
1
Let l = -10 - -13. Suppose 0 = 2*a + l*x + 30, -a + 3*x = x + 1. Let d = 18 + a. Calculate the remainder when d is divided by 5.
4
Let c = -4 - -7. Let s = 6 - c. Suppose 0 = -5*p - 2*i + 6, 0 = -2*p + 4*p + s*i + 2. Calculate the remainder when 2 is divided by p.
0
Suppose 5*z - 28 = 3*o, -4*z + 8*z - 22 = 2*o. Suppose 0*k - 16 = -k + z*b, -5*b - 34 = k. What is the remainder when -3*(-1 - (-102)/k) is divided by 13?
11
Suppose -14*w - 8*w - 14 = -212. Suppose 0 - 4 = -2*c. Suppose -5*b = -17 + c. Calculate the remainder when w is divided by b.
0
Let k(c) = -6 + 16*c**2 + 101*c - 94*c - 9*c**2. Calculate the remainder when 22 is divided by k(1).
6
Suppose -133*o = -138*o + 390. What is the remainder when 142 is divided by o?
64
Let f(w) = w**3 + 15*w**2 + 11*w + 5. Calculate the remainder when f(-8) is divided by 61.
60
Let v(m) = m**3 - 5*m**2 + 2*m - 7. Let r = 2384 - 2374. Calculate the remainder when r is divided by v(5).
1
Suppose 3*k - 148 - 35 = 0. Suppose -2*x - k + 79 = 0. Calculate the remainder when 89 is divided by x.
8
Suppose -152*g + 153*g - 148 = 3*w, 392 = 3*g + 4*w. Calculate the remainder when 397 is divided by g.
125
Suppose -6*x = -9*x + 129. What is the remainder when (1/(-3))/((-21)/8001) is divided by x?
41
Suppose 2*m + 8 = 0, 3*g + m = g + 56. What is the remainder when 6 is divided by (-22)/(-55)*g/4?
0
Suppose -4*d + 3*d + 6 = 0. Suppose -3*r - u = -d, u = -4*r + 14 - 5. What is the remainder when 9 is divided by r?
0
Let o(m) = 3*m - 41. Let g(k) = k**3 - 4*k**2 + 3*k - 2. Let f be 4*-1*3/(-3). Calculate the remainder when o(26) is divided by g(f).
7
Suppose -3*n + 2*h + 2*h + 159 = 0, 4*n - 219 = 3*h. Suppose -33*r + 14*r = -285. Calculate the remainder when n is divided by r.
12
Let u(x) = -x**3 - 24*x**2 + 24*x - 12. Let d(l) = -21*l + 3. Let t be d(3). Let s = t + 111. What is the remainder when s is divided by u(-25)?
12
Calculate the remainder when 87 is divided by -13*(-4)/(-5)*5/(-2).
9
Let o = 106 + -104. What is the remainder when 57 + o - (-9 + 5) is divided by 16?
15
Let x = 68 - 54. Let m(r) = r**2 + 4*r - 4. Let q be m(-6). Let h = x - q. What is the remainder when 23 is divided by h?
5
Suppose 5*p = -3*y - 270, 0*y - 162 = 3*p - 4*y. What is the remainder when 285 is divided by -2 - (12/p + 448/(-9))?
45
Let n(b) = 3*b**2 + 12*b - 23. What is the remainder when n(8) is divided by 83?
16
Let p(b) = -2*b + 27. Let o(s) = 4*s - 26. Let r(c) = 2*o(c) + 3*p(c). Let g be 1/2 + (-2)/4. Calculate the remainder when r(g) is divided by 15.
14
Suppose 2*q + 11 = 47. What is the remainder when 82 is divided by q?
10
Let o = -11 + 19. Let s = 6 - o. What is the remainder when 37 is divided by ((-12)/15)/(s/20)?
5
Let h be (3/(-2))/((-9)/12). Suppose -h - 5 = -p. Let r = p + 1. What is the remainder when r is divided by 3?
2
Suppose -5*d + 159 = o - 248, -4*o + 332 = 4*d. Calculate the remainder when d is divided by 22.
15
Let l = -55 - -79. Suppose -110*x + 5080 = 20. What is the remainder when x is divided by l?
22
Suppose 7*t = 12 + 9. Suppose 0 = 4*k + t*p - 223, 0 = -k + 4*p + 56 - 5. Calculate the remainder when k is divided by 14.
13
Let o = -77 + -136. Let x = o + 322. Calculate the remainder when x is divided by 22.
21
Suppose 4*i = 2*i. Calculate the remainder when 55 is divided by 5/15*(57 + i).
17
What is the remainder when (3 - 2)/(-3)*-183 is divided by -2 - (-30)/(3/1)?
5
Let z(y) = -3*y - 27. Let q be z(-9). Suppose b - 25 + 3 = q. Calculate the remainder when 63 is divided by b.
19
Suppose 6*c = 11*c + 715. Let p = 155 + c. Let v(f) = -12*f - 2. Calculate the remainder when v(-2) is divided by p.
10
Let n(k) = k + 7. Let f be n(-7). Suppose f = -8*i - 2*i + 160. What is the remainder when i is divided by 10?
6
Let d(j) = -j**3 - 2*j**2 + 32*j + 7. Calculate the remainder when 1909 is divided by d(4).
37
Suppose 28 = 4*h - 88. Let m = h + -22. Calculate the remainder when m is divided by 3.
1
Suppose -6*a + 3*a + 69 = u, -5*a - 85 = -u. What is the remainder when u is divided by 20?
15
Suppose 16 = 4*o, 4*i + i + 5*o = 40. Suppose 12*z - 208 = i*z. Calculate the remainder when z is divided by 15.
11
Suppose 3*x = -29 - 79. Let z(l) = -2*l**2 - 13*l + 15. Let g be z(-9). Let c = g - x. What is the remainder when 35 is divided by c?
5
Let c(t) = t**3 + 5*t**2 - t - 3. Suppose 6*n - n = x + 17, 2*x = -n - 1. What is the remainder when c(-4) is divided by 0 + (x/(-9) - 316/(-36))?
8
Let m(z) = z**2 - 8*z - 51. Let n(h) = 10*h**2 - h - 2. Let o be 3*((-2)/(-6) - 1). What is the remainder when n(o) is divided by m(13)?
12
Let a be 4 + 0/(2/(-1) - 1). Suppose 0 = -a*z - 197 + 221. What is the remainder when 2/6 + 124/6 is divided by z?
3
Let r(a) = -a**3 - 7*a**2 + 6*a + 29. What is the remainder when 116 is divided by r(-8)?
26
Let r = 179 - 146. What is the remainder when r is divided by (2 + -4)/((-4)/18)?
6
Let l be (8/10)/((-63)/(-60) - 1). Suppose 0 = -l*g + g + 1050. Let f = 27 + -9. What is the remainder when g is divided by f?
16
Let p be 420/15*2/(-8). Calculate the remainder when 46 is divided by 0/26 - (-1 + p).
6
Suppose -49 + 29 = -4*l, l + 497 = 2*j. What is the remainder when j is divided by 86?
79
Suppose 4*b + 3 = -21. Let a(y) = 4*y**2 + 9*y + 12. What is the remainder when a(b) is divided by 26?
24
Let y(b) = b**3 - 3*b**2 - 2*b + 6. Suppose -165*h = -158*h - 35. Calculate the remainder when y(4) is divided by h.
4
Let g(i) = -46*i - 205. What is the remainder when 248 is divided by g(-5)?
23
Suppose -3*t + 3*p = -2*p - 61, -2*p - 4 = 0. Suppose 3*h = -x - h + 13, 0 = 5*x - 4*h - t. What is the remainder when 8 is divided by x?
3
Suppose i - 2*a + 22 - 263 = 0, 1241 = 5*i + 2*a. Calculate the remainder when i is divided by 36.
31
Suppose -4*s + 8 = o, 5*s = o - 2 + 3. Let j(q) = q - 3. Let n be j(s). What is the remainder when 29 is divided by 9 + ((-2)/n)/1?
9
Let o(p) = -p**3 - p**2 - p - 4. What is the remainder when o(-5) is divided by 5/(-2 - 3) + -4 - -39?
33
Let j(b) = -b**3 - 6*b**2 - 8*b - 7. Let f be j(-7). Let o = f - 51. Calculate the remainder when o is divided by 8.
7
Calculate the remainder when (-1)/2 + 7/((-28)/(-7222)) is divided by 42.
41
Suppose -82*d = -68*d - 364. Calculate the remainder when 361 is divided by d.
23
Let b(a) = -a**2 + 15*a - 24. Let q be b(13). Suppose z + 4*z = w - 157, -q*z = -4. Calculate the remainder when w is divided by 13.
11
Let w(u) = -5*u**2 - 20*u + 11. Let z be w(-5). Let f(t) = -8*t - 27. What is the remainder when f(z) is divided by 30?
25
Let z = 1253 + -1230. Let j = 38 + 4. What is the remainder when j is divided by z?
19
Suppose -1 + 8 = s. Suppose 0 = -4*h + 3*h - 8. Let c = 5 - h. Calculate the remainder when c is divided by s.
6
Suppose -4*f + 708 + 381 = 5*x, -5*f + 1353 = -2*x. Calculate the remainder when f is divided by 23.
18
What is the remainder when -2 + (0 - 0) + 135 is divided by (-2)/(-12) + (-5796)/(-216)?
25
What is the remainder when 348 is divided by (-14)/(-6) - 2108/(-93)?
23
Let r(f) = 27*f + 2. Suppose 3*g = 79*n - 80*n + 89, 0 = -4*g + 3*n + 110. What is the remainder when r(3) is divided by g?
25
Let v(x) = -17*x + 55. Let k be v(6). Let a = 63 + k. Calculate the remainder when 89 is divided by a.
9
Let f(n) = n**2 + n + 5. Suppose -m - 2*m = 0. Let c be f(m). Suppose -c*a - 4*r + 152 = 0, -a = 5*r - 4 - 18. What is the remainder when 127 is divided by a?
31
Suppose h + 13 - 3 = 0. Let u be 2/h - (-26)/5. Suppose u*f - 49 = 21. Calculate the remainder when f is divided by 8.
6
Let o = 655 - 618. Calculate the remainder when 68 is divided by o.
31
Suppose 5*z - 5*j = 4*z + 1, -4*z - 2*j = -70. Let y = 26 + -21. Calculate the remainder when z is divided by (8 - y/(-5))*1.
7
Let r(f) = 17*f**2 - 6 - 2*f**3 - 8*f**2 + 9*f + f**3. What is the remainder when r(9) is divided by 26?
23
Let b(h) = 31 + 24 + h + 77. Let r be b(0). What is the remainder when r/4 + 2 + 1 is divided by 19?
17
Let m be 9/(-5) - (-5)/(-25). Let d be 3/m + 107/2. Suppose 3*r - 2*y = -3*y + d, 0 = 2*r + 4*y - 18. What is the remainder when r is divided 